-12 + (10 - 5) - 15)).
36
10 + -17 + 5 - (7 - 53) - (4 + 1)
39
-11 - 1 - ((-20 - -26) + 5)
-23
Evaluate 9 - (1 + (7 - ((8 - -12) + (-3 - 0)))).
18
Evaluate -76 + (-31 - 3) + 28 - 15.
-97
What is 19 - (-57 - -93 - -65)?
-82
-8 - -21 - ((9 - 16) + 10)
10
What is the value of -3 - (57 - (96 + 14))?
50
160 - 166 - (-50 + 2)
42
What is 6 + -7 + (16 - 1) - (76 - (-182 + 133))?
-111
(3 - -2) + -72 - (9 - (-10 + (32 - 7)))
-61
(-2 - -3) + 13 + -63 + (10 - 5 - -4)
-40
What is 44 + -23 + -86 + 6 + 28?
-31
Evaluate 5 + -2 + -13 - ((-24 - -48) + 27 + -48).
-13
What is the value of 16 + -15 + (-24 - 10)?
-33
Calculate -14 + 15 + (-9 - (-41 - -21) - 12).
0
0 - (-15 + 7 + -1 + (-8 - (15 - 32)))
0
Calculate -15 - (-21 - (60 + -18 + 6)).
54
Evaluate (-122 - (-204 - -35)) + 30.
77
Calculate 3 + 7 + -19 + -1 + 2 - 27.
-35
-150 - -128 - (7 - (26 + 6))
3
Calculate 42 + (-1 - 8 - (19 + -10) - -9) - 9.
24
Evaluate (-7 + 4 - 0) + 62 - (-1 - -5).
55
Calculate 75 - (5 - (9 - (11 - 0) - 9 - -12)).
71
What is -11 + (-17 - -14) - -8 - 55 - 3?
-64
What is the value of (1 - 3) + 12 - (726 + -721)?
5
What is 18 + 19 + -27 + -1 + 24?
33
What is 89 - (25 - (-136 - -3))?
-69
28 - (4 + -17 - -4 - (0 - 4) - -13)
20
-5 - (-18 + (11 - -5) - 44)
41
Calculate 72 + -1 + 1076 + -1067.
80
What is (16 - (-5 - (-56 + 20))) + 2 + -6?
-19
What is the value of -57 - (-40 - -8) - -36 - -5?
16
What is the value of -900 + 890 - (46 - (1 + -2 + -1 - -2))?
-56
Evaluate (49 - (71 - -105)) + 78.
-49
What is 119 - ((-68 - 25) + 145)?
67
Evaluate 22 + -10 + -70 - (26 + -7 + -41).
-36
Evaluate -75 + 74 + 16 - (3 + 22).
-10
Calculate 0 - (-44 - (11 - 45)) - (3 + 1).
6
What is the value of 334 + -343 - (4 + 1 + (66 - -3))?
-83
What is the value of -32 - (30 - 6 - (-83 + 114))?
-25
Calculate 29 + -46 + 10 + 12 - -12.
17
Calculate 22 + (-14 - -25 - 15) - (-10 - -1).
27
Evaluate -13 + ((22 - 26) + -19 - -1).
-35
Evaluate (-49 + 35 + -76 - -15) + 2 + (-2 - 1).
-76
What is (0 - -63) + (26 - 26) + -7 + 1?
57
What is the value of (18 - (15 + 8)) + 55?
50
Calculate -19 - (171 + 5 + (16 - 39) + -21).
-151
Calculate 7 + -99 + (8 + 1 - 2) + -10.
-95
Evaluate 72 + (-165 + 125 + (-1 - -20) - -6).
57
Evaluate 14 + (-7 + 16 - -5) + -14 - -7.
21
What is the value of -184 - -191 - (47 - 9)?
-31
What is (25 - (-4 - (-21 - 5)) - -56) + 10?
69
What is the value of (3 - (6 - 0)) + 12 + (35 + -29 - 41)?
-26
Calculate 584 - 572 - (0 - 0) - 4.
8
Evaluate (-2 - -11 - (14 - -1)) + -70.
-76
Evaluate 98 + (4 + -2 - -2) + (56 - 61).
97
What is the value of (-6 - 2) + 21 + -31 - -108 - 12?
78
What is (-4664 - -4714) + (-1 - 59)?
-10
What is the value of -50 - (25 - (-12 + 50) - -36)?
-73
What is the value of -11 - 5 - -4 - (-62 + -20 + 56)?
14
What is the value of 104 + -71 + -28 - (0 - (-5 - -2) - 3)?
5
Calculate -50 - -119 - (-22 - -78).
13
55 - 57 - (8 + -33 - (-3 + 11))
31
What is the value of 0 + 12 + (-193 - -141) + -8?
-48
What is 2 + 2 + 2 + 0 + (-936 - -1010)?
80
Evaluate -41 + (12 - -20) + 44 - -11.
46
Evaluate (-44 - -43) + (1 + -2 - 2) - -54.
50
What is 16 + (-4 - (5 + -7)) + (-3 - 21)?
-10
What is (2 - 2 - -1) + 37 + -51 + 2 - 81?
-92
Calculate (2 - 3) + -46 + -140 + 12 + 131.
-44
Evaluate (-11 - (-10 + -9)) + 5 - -17.
30
-97 - (41 + -6 + 2) - (3 + (-3 - -5))
-139
What is the value of -19 - ((-18 - (-17 - -7)) + 20)?
-31
-27 + 7 + (-17 + 7 - -155) + -26
99
Evaluate -37 + 2 + 154 + 487 + -488.
118
What is the value of 196 + -225 + (-2 + 0 + 3 - -7)?
-21
Evaluate 8 + (44 + -48 - (41 - 10)).
-27
Evaluate -225 + -120 + 224 + 110.
-11
Evaluate -148 + 178 + (-29 - -75).
76
Calculate 4 + -2 + (50 - (115 - -62)).
-125
Evaluate -40 + (-36 - -67) - (1 - (1 + 30) - 1).
22
2 - 50 - ((18 - (-2 - -8)) + 14 + -20)
-54
(-31 - (25 - 42) - -7) + 1 + 28
22
Calculate -9 + 1 + 0 - (-126 + 74 - -132) - 11.
-99
52 + (-52 - 0) - 41
-41
14 + -6 - (0 - 8) - 14 - 46
-44
Evaluate 7 + -6 - (-18 + 5) - ((59 - 16) + -16).
-13
-51 - -1 - (16 + -32 + 5 + 3)
-42
What is the value of (1 - (-21 + (5 - -57))) + 9 + 0?
-31
What is 8 + (-82 - -40) + 45?
11
Calculate (14 - 49) + 3 + 21.
-11
Evaluate -55 + 31 + -57 - -60.
-21
-35 - (3 - (1 + 7 + 4 + 1 + -11))
-36
1 + 35 + (23 + 63 - 15 - 69)
38
What is the value of 7 - (45 + 5 + (-8 - 3)) - 11?
-43
-722 + 731 - (2 - (-28 + -1))
-22
What is 1 + 7 + (58 - 41) + (-1 + -2 - -4)?
26
Evaluate -117 - 0 - ((-9 - 26 - -33) + (-5 - 0)).
-110
What is -31 - (3 - 23) - (-45 - -9)?
25
Evaluate 1 + -54 - (-4 + 1) - (11 + (-39 - -21)).
-43
What is the value of -14 - 0 - (-4 + (0 - (10 - 31)))?
-31
Calculate (-5 - 1) + 233 + -241.
-14
Calculate -7 + (25 - 38) + (-1 - 15 - -5) + 1.
-30
(-4 - (-1 - -18) - -32) + 17
28
Calculate (-2 - (1 + 2)) + (-45 - -10) + -44.
-84
-12 + (11 - 5) + -1 + 255 + -291 - -11
-32
Evaluate -108 - 1 - (33 + -179 + 141).
-104
What is (0 + 3 - -6 - (54 + -40)) + 8?
3
-8 - -1 - (-59 - ((9 - -48) + -157))
-48
Evaluate -28 - (19 + -25 - (-6 + 7 - 1)).
-22
What is 49 + 14 + -2 + (-6 + 11 - 14)?
52
What is the value of -13 + -40 + 11 + (-4 + 3 - -7) - -6?
-30
(1 - 126) + 8136 + -8119
-108
What is the value of -4 + 3 + -13 + (54 - (80 + 5))?
-45
What is (0 - 73 - -2) + (10 + -19 - -3)?
-77
(-2 - -81 - -2) + -6 - (535 + -542)
82
Evaluate (-33 - (29 - 64) - -55) + (-1 - 0).
56
(2 - -30) + (-25 - -27) + -78
-44
Evaluate -93 - (19 - (-20 + 61)) - (0 + 2 + -6).
-67
Evaluate 26 + (-345 - -316) + (1 - 12).
-14
Evaluate (1 - -26) + (96 - -104 - 209).
18
Calculate (-50 + (60 - 25) - (-14 - -5)) + -52.
-58
What is (19 - 5) + -32 - (-121 + -32)?
135
Evaluate (-42 - 1) + -154 + 281 + -155.
-71
What is the value of 44 - (-10 - (8 + (-22 + 7 - (3 - 8))))?
52
Evaluate 474 + -557 + -1 + 21 + -2.
-65
What is the value of 15 - (126 - (9 - 1 - (-5 - 2)))?
-96
Calculate 4 - 10 - (-7 - (3 - 33)).
-29
What is 3 - (11 + (6 - 34 - 7) + -9)?
36
(-92 - (-69 + 40)) + 40
-23
What is -41 - (-99 - -164 - 18)?
-88
What is the value of 1 + -6 - (21 - 13) - (0 - -9)?
-22
Calculate 78 - (-60 + 137) - -43.
44
Calculate 0 - (-7 + -1) - (108 + (-80 - 99)) - 12.
67
What is the value of 177 + -183 + (-12 + 9 - 5) + (-2 - -99)?
83
Calculate 107 - (5 + 8 - 19) - (23 + -3).
93
Calculate (-13 - (-11 + 8)) + 17 + 23 + -53.
-23
Evaluate 49 - (-7 + -1 - (34 - 15 - (15 + 1))).
60
What is the value of -10 + (23 - 46 - -92) + -14?
45
Calculate (61 - 40) + 14 + -23 - (-1 + 56).
-43
What is the value of (-24 - -48 - 23) + (6 - 9) + -29?
-31
Calculate 21 + (-22 - 16) + 34.
17
-17 - (40 + (-67 - 41))
51
(55 - 105) + 44 + (-3 - 46)
-55
Calculate -582 + 501 + -13 - (-5 - (0 - 1)).
-90
What is the value of -12 - (134 + -178 - (2 - 1))?
33
Calculate 2805 + -2832 + (-25 - -1).
-51
Calculate (10 - -41) + (-7 + 13 - 20) + 10.
47
Evaluate -63 + (42 + (2 - 23) - 33).
-75
(-2 - -10) + (13 - 7) + -5 - (-26 + 35)
0
Evaluate 150 + -70 + 23 - 142.
-39
What is -72 + 64 - (56 + 10) - -41?
-33
What is the value of -1741 + 1811 - (-2 + -1)?
73
What is 17 + 1 + (-94 - -89) + 2 + 111 + -8?
118
Calculate -110 + (91 - 31 - -54).
4
What is -1 + 8 + -43 + -472 + 467?
-41
Evaluate 84 + (-19 - -22) - 0 - 15.
72
Calculate (32 - 58 - -46) + (-2 - 18).
0
What is the value of (-37 - -69 - 45) + -23?
-36
-15 + (-11 - ((-181 - -179) + -2 + 1))
-23
Calculate (-2 - -11) + (-31 - -2 - (76 - 79)) - 1.
-18
-6 + 1 + 42 + 103 + -106
34
What is the value of (4 - 15) + (8 - 10) + -67 - -8?
-72
Calculate 7 - -85 - 35 - 24.
33
What is the value of 30 - (0 + -2) - (129 + (-101 - 43))?
47
-2 + 8 - (0 - 26 - -3) - -6
35
(-32 - 3) + (2 - 3) + (-15 + 22 - 15)
-44
-349 + 179 - -264 - (-1 + 0 + 13 + 0)
82
What is 2 - 0 - -6 - ((-1 - -36) + 1013 + -1026)?
-14
What is -33 + 109 - -83 - 65?
94
Evaluate 7 + -9 + -3 - 1 - ((-7 - -5) + -30).
26
21 - -2 - (-158 + 151)
30
Evaluate (4 - (-40 + 18 + 56)) + -18.
-48
Calculate -2 - ((59 - 18) + -5 + 8 + -17).
-29
What is the value of -67 + 78 + 30 - 53?
-12
What is the value of -149 + 27 + 136 - (1 - 27)?
40
Calculate -44 + 12 + (-7 - -26) + -20.
-33
Calculate 24 - (22 - -14) - 25 - -23.
-14
Evaluate -12 - (-12 + -41 + (-24 - -15) + 8).
42
Evaluate 0 + 4 + -10 + (-22 - -40) - -31.
43
-16 - ((-8 - -8) + (-13 - -6))
-9
What is -9 + (3 + -16 - (-5 - (7 - -30)))?
20
What is the value of 49 + (-24 - (61 + -28))?
-8
Evaluate 29 - (21 + (-11 - (6 - 16))).
9
Calculate -1 - (